16. Let b be j(4). Calculate the greatest common divisor of 11 and b.
11
Let j be (24/15)/(6/105). Calculate the highest common divisor of 70 and j.
14
Let v = -8 + 23. Let a be (-610)/(-5) + 1*-2. Calculate the highest common factor of a and v.
15
Let a be (0/3 + -1)*-1. Let f be -2*(-6)/4*a. Suppose 0 = -x - f*x + 204. Calculate the highest common factor of 34 and x.
17
Let d(u) = 8 + 13 - 7 - u. Let b be d(9). Calculate the highest common factor of b and 20.
5
Let t(z) = z**3 - 17*z**2 + 16*z + 8. Let i be t(16). What is the highest common divisor of i and 8?
8
Let q(p) = -p - 1. Let y be q(-5). Let i = 420 - 296. Let c = i + -80. Calculate the highest common factor of c and y.
4
Let i = -5 - -7. Suppose i*z - 14 = -2*c, 0 = -z + 3*z - 5*c - 21. What is the greatest common factor of z and 24?
8
Suppose 6 + 9 = 3*l + 3*k, 5*k = 4*l - 20. Suppose 1 = -2*o + l. Suppose -4*f = 5*g - 55 - 63, -12 = -g + 5*f. What is the greatest common factor of g and o?
2
Suppose 195 = 5*o + 5*f - f, -4*o + 187 = -3*f. Suppose d = -3*l + 4, 2*l + 0*l + 4 = d. Suppose 29 + o = d*r. Calculate the highest common divisor of 27 and r.
9
Suppose 3*a - 28 = -3*k + 8, 0 = -2*a + 8. What is the highest common divisor of k and 40?
8
Suppose 4*s - 3*s = 11. Calculate the greatest common divisor of s and 1.
1
Suppose -3*d - 2*f = -0*d - 437, -4 = 2*f. Suppose 4*b + 37 + d = 0. Let i = -33 - b. Calculate the greatest common divisor of i and 91.
13
Suppose -5*n + 2*u = -883, 859 = -0*n + 5*n + 4*u. What is the highest common divisor of 25 and n?
25
Let j = 19 + -1. Let u = -9 + j. Let i(p) = p + 14. Let r be i(-5). What is the highest common factor of r and u?
9
Let q(t) = t + 7. Let d be q(5). Suppose 3*p - 277 - 11 = 0. Calculate the highest common factor of p and d.
12
Let h(r) = 2*r**2 - 19*r - 18. Let b be h(16). Calculate the highest common divisor of 10 and b.
10
Let d = -11 + 17. Let l be (-2)/6 - (-122)/d. What is the greatest common factor of 10 and l?
10
Let u = 55 + -35. Suppose -33 = -2*w - 5*b, -3*w = -8*w - 2*b + 30. What is the greatest common factor of w and u?
4
Let s = -412 - -698. What is the greatest common divisor of s and 26?
26
Let l = 122 - 109. Calculate the highest common factor of 221 and l.
13
Let o(f) = -57*f**2 - 2*f - 1. Let k be o(-1). Let d be (-33)/(-2)*k/(-21). What is the greatest common divisor of d and 4?
4
Let x be ((-10)/(-3))/(2/3). What is the greatest common factor of x and 10?
5
Suppose -4*i = i - 105. Suppose 2*m = -4*u + 64, 5*u - 8*m - 50 = -3*m. Calculate the highest common divisor of u and i.
7
Let j(u) = -u**3 - 5*u**2 - 7*u - 5. Let i be j(-4). Suppose -5*v + 275 = 30. Calculate the greatest common divisor of v and i.
7
Let i be (-1 - 5)/((-1)/32). Suppose 3*d = 2*d + 9. Let b = d - -15. What is the greatest common divisor of b and i?
24
Let v = -11 - -13. Let m(u) = 3*u - 3. Let a be m(v). Calculate the highest common divisor of a and 27.
3
Let o = -5 + 14. What is the highest common divisor of 18 and o?
9
Let g = 63 - -15. What is the highest common divisor of 39 and g?
39
Suppose j + 4*j = 10. Let r be 108 + 2 + j/(-1). What is the highest common divisor of 12 and r?
12
Suppose -3*p - 3*d = -81, -4*p + 0*d - 2*d + 98 = 0. Let y(l) = l**3 + 9*l**2 - 6*l - 2. Let v be y(-8). Calculate the greatest common divisor of p and v.
22
Suppose -2*q = 3*x - 18, -2*x - 4*q = -q - 17. Let o be 3*1 + (4 - x). Calculate the highest common factor of o and 24.
3
Let t(l) = l**2 - 4*l - 9. Let r be t(12). Let b = -48 + r. Calculate the greatest common divisor of b and 13.
13
Let p = -320 + 455. Let u(k) = k**2 - k + 3. Let r be u(4). Let q be (1 - 4)/((-3)/r). What is the highest common divisor of q and p?
15
Let r be 4/(-3)*(-3)/2. Suppose 5*v + 28 = -r*m - 83, 4*m + 240 = -4*v. Let a = 108 + m. What is the highest common divisor of a and 30?
15
Let o(f) = -f**2 + 9*f + 3. Let z be o(9). Suppose 4 - 7 = 3*l, 2*r - z*l = 377. What is the greatest common factor of 17 and r?
17
Let m(h) = h + 5. Let c be m(5). Let t be 158/c - (-10)/50. What is the greatest common divisor of 48 and t?
16
Let o be (-194)/(-18) - 4/(-18). Let p = 21 - o. Calculate the greatest common divisor of p and 40.
10
Suppose -2*v + 552 - 156 = 0. Let g = 430 - v. Suppose 5*c - g = -3*p, -c + 335 = 5*p - 3*c. What is the greatest common factor of 46 and p?
23
Let v(b) = 2*b**2 - b - 3. Let h(p) = p**2 - 2*p - 3. Let n = 6 - 4. Let j(l) = n*v(l) - 3*h(l). Let k be j(-5). What is the highest common factor of k and 72?
8
Suppose 2*i - 5*n = -58, i - 4*n + 6*n = -38. Let s be 2 - (i - (3 + -3)). What is the highest common factor of s and 9?
9
Suppose -5*l = 2*w - 43, -3*l - 4*w = -0*w - 37. Let f = 1 + l. Suppose -3*y = -3*n, -30 + 10 = -n - 4*y. Calculate the highest common factor of f and n.
4
Suppose -6 = -4*f + 74. What is the greatest common factor of 60 and f?
20
Suppose -273 = -7*v + 4*v. Let g be (-86)/(-6) + (-48)/36. Calculate the greatest common divisor of v and g.
13
Let k = -7 + 12. Suppose -12 = -3*f, k*i - 39 - 28 = 2*f. Let a be ((-30)/4)/(2/(-20)). Calculate the greatest common factor of a and i.
15
Let d be 10/8 - 2205/(-28). What is the highest common factor of d and 5?
5
Let u(w) = w**3 + 6*w**2 + 5*w + 9. Let v be u(-5). Suppose 2*c = 3*c. Let f = 1 - c. Calculate the greatest common factor of f and v.
1
Suppose 0*h = -3*h + 30. Let b = h - 5. Calculate the greatest common divisor of 45 and b.
5
Let p(s) be the third derivative of -s**6/120 + s**5/60 - s**4/24 + 68*s**3/3 + s**2. Let m be p(0). Calculate the highest common factor of 17 and m.
17
Let b = 95 + 92. What is the highest common divisor of 11 and b?
11
Let h(k) = -3*k - 1. Let d be h(-2). Let o be 20*(d/2 + -2). What is the highest common factor of o and 20?
10
Suppose 0 = -2*t + 8, 3*t = 5*q - 13. Let i = -46 - -47. Calculate the greatest common factor of q and i.
1
Let f(n) = 10*n. Let z be f(-1). Suppose 4*u + 15 = 5*y, 5*y = -u + 2*u. Let v = u - z. Calculate the greatest common factor of v and 15.
5
Let q be 6/(-9) + 1064/21. Calculate the highest common divisor of q and 350.
50
Suppose 3*m + 1 = 13. Let x = -14 + 26. Calculate the highest common factor of x and m.
4
Suppose -3*f + 58 = 4*v - 5*f, -2*v = 4*f - 14. Calculate the highest common factor of v and 91.
13
Let u be (0 - 1)*(-13 - 1). Let k(m) = -m**3 + 9*m**2 - 6*m - 9. Let f be k(8). What is the greatest common divisor of f and u?
7
Let f = 81 - -36. Calculate the highest common divisor of f and 13.
13
Suppose 3*z = -2*k + 38, -19 = -k - 2*z - 2*z. Calculate the highest common factor of k and 171.
19
Let a = 2 - -4. Suppose -a*r + 300 = -r. Calculate the highest common divisor of r and 15.
15
Suppose c - 10 = -4*c. Suppose 2*m - 195 = -3*n, 55 = 3*m - c*n - 205. Suppose v = 4, -w - 10 = 5*v - 10*v. Calculate the greatest common divisor of m and w.
10
Let t(h) = -20*h - 5. Let q be t(-5). Let w = -37 - -75. What is the highest common factor of w and q?
19
Let r(j) = 14*j**2. Let y(x) = -2*x**3 + 2*x**2 + x. Let z be y(-1). Let b be r(z). What is the greatest common factor of b and 18?
18
Let n(a) = -a**3 + 12*a**2 - 16*a - 2. Let w be n(10). What is the greatest common factor of w and 57?
19
Let g = 0 + 0. Let f(i) = i**2 + i. Let a be f(-2). Let k be ((-3)/(-6) - g)*a. What is the greatest common factor of 1 and k?
1
Suppose d = 2*k - 1 - 38, 3*k - 3*d - 57 = 0. Let r be 99/21 - (-4)/14. Calculate the highest common factor of k and r.
5
Let h = -85 - -197. What is the greatest common factor of 14 and h?
14
Suppose 2*n - 3 = -2*n + 3*q, q = -5*n + 18. Let y = 0 + 2. Calculate the greatest common factor of n and y.
1
Let z(j) = -3*j - 7. Let u be z(-6). Let h = 8 - u. Let l be 56/(-6)*9/h. What is the highest common divisor of 4 and l?
4
Let j(p) = 28*p + 2. Let l(i) = i + 1. Let c(r) = -3*j(r) + 6*l(r). Let f be c(1). Let q = -45 - f. Calculate the highest common factor of 3 and q.
3
Let m(t) = 26*t - 1. Let k be m(2). What is the greatest common factor of k and 204?
51
Let u(h) = 2*h - 2*h + h - 4 - 3*h. Let j be u(-9). Calculate the highest common factor of j and 14.
14
Let b be 26/3*18/12. What is the greatest common divisor of b and 130?
13
Let v = -13 - -8. Let r(j) = j**2 + 4*j - 3. Let d be r(v). Suppose d*y - 19 - 13 